- 9*c**2 - 2*c + 30. What is a(2)?
-106
Let h(j) = j**3 + 162*j**2 + 4353*j + 124. Determine h(-128).
-4
Let j(w) = -w**3 - 10*w**2 + 24178*w + 121026. Determine j(-5).
11
Let s(p) = 38*p**2 - 52*p + 289. Determine s(0).
289
Let v(s) = -s**2 - 114*s + 882151. What is v(884)?
-81
Let q(j) = -j**2 - 8*j + 14102. Determine q(-126).
-766
Let d(q) = 651*q + 1281. What is d(-2)?
-21
Let p(i) = -6334*i + 120354. Calculate p(19).
8
Let u(o) = 5437*o + 92438. Determine u(-17).
9
Let k(u) = u**2 + 2006*u + 388152. What is k(-217)?
-61
Let p(q) = q**2 - 1265*q - 149739. Determine p(-109).
27
Let o(w) = -12*w**3 - 1106*w**2 - 187*w - 267. What is o(-92)?
9
Let y(z) = 169*z**2 + 466*z + 9. What is y(-4)?
849
Let s(o) = o**3 + 14*o**2 - 11*o + 766. Give s(-19).
-830
Let q(l) = -3339*l - 270873. Determine q(-81).
-414
Let o(b) = 3*b**3 - 745*b**2 + 240*b + 1993. Give o(248).
9
Let u(n) = 2651*n - 583232. Give u(220).
-12
Let u(w) = 241*w - 10766. Determine u(43).
-403
Let k(w) = 120*w + 7013. Determine k(-62).
-427
Let i(d) = -d**2 + 102*d - 2206. What is i(45)?
359
Let b(h) = -3999*h - 27992. Give b(-7).
1
Let m(z) = z**3 + 28*z**2 + 46*z - 934. Calculate m(-8).
-22
Let f(a) = -86*a**3 + 8079*a**2 + 474*a - 382. Determine f(94).
-6
Let w(p) = -2482*p + 290199. Calculate w(117).
-195
Let o(s) = 11*s**2 + 2001*s - 14027. Give o(7).
519
Let a(w) = -w**2 + 1330*w - 398423. Give a(456).
121
Let d(g) = -36*g**2 - 11*g + 208. What is d(-10)?
-3282
Let r(o) = -7816*o + 93924. Calculate r(12).
132
Let n(b) = -443*b + 43433. Calculate n(98).
19
Let o(u) = -u**3 + 120*u**2 - 2057*u - 2181. Calculate o(99).
-3
Let f(q) = -2*q**3 - 68*q**2 - 159*q + 1052. Determine f(-31).
215
Let l(p) = 3266*p - 65496. What is l(20)?
-176
Let t(y) = -13057*y + 783441. Calculate t(60).
21
Let u(f) = -17*f**2 - 386*f - 1853. What is u(-7)?
16
Let q(h) = 5*h**2 + 228248*h + 456499. Give q(-2).
23
Let a(x) = -16671*x - 83170. Give a(-5).
185
Let r(y) = -2977*y - 4618. Determine r(-2).
1336
Let j(a) = a**3 + 556*a**2 + 4337*a - 25817. Give j(-548).
-61
Let n(d) = 14*d**3 + 414*d**2 - 186*d - 14. What is n(-30)?
166
Let t(m) = -224*m + 13449. Determine t(62).
-439
Let t(y) = -327*y**2 - 116*y + 112. What is t(1)?
-331
Let b(c) = c**3 - c**2 - 35163*c - 1307. Calculate b(-187).
2
Let u(l) = -945*l + 32444. Give u(34).
314
Let g(l) = 5*l**2 - 668*l - 23633. Give g(-29).
-56
Let b(c) = -c**3 + 96*c**2 - 187*c + 4. What is b(2)?
6
Let u(c) = -13*c**3 + 1195*c**2 + 97*c - 471. Give u(92).
-11
Let v(a) = -319*a**3 + 48*a**2 - 99*a - 3. Give v(2).
-2561
Let g(p) = -p**3 - 14*p**2 + 261*p + 225. Determine g(10).
435
Let g(k) = -10*k**2 - 390*k + 29. Calculate g(-38).
409
Let b(j) = -7*j**2 + 748*j + 25497. Determine b(134).
37
Let g(k) = -42*k**2 - 42092*k - 50062. Calculate g(-1001).
-12
Let v(n) = -n**3 + 505*n**2 - 5434*n. What is v(494)?
0
Let y(v) = -v**2 + 807*v - 113330. Calculate y(180).
-470
Let i(t) = 4786*t - 52605. Calculate i(11).
41
Let v(s) = 19*s**2 + 955*s + 11853. What is v(-22)?
39
Let o(v) = v**2 - 5223*v + 62526. What is o(12)?
-6
Let y(r) = -34794*r - 174890. Determine y(-5).
-920
Let a(t) = -t**3 - 50*t**2 + 469*t + 303. What is a(-57)?
-3687
Let w(h) = -4*h**3 + 475*h**2 + 104*h + 1814. Determine w(119).
29
Let z(n) = -58463*n - 6430937. Give z(-110).
-7
Let t(j) = -j**3 + 31*j**2 - 5765*j + 172791. What is t(30)?
741
Let f(j) = -2*j**3 + 107*j**2 - 204*j + 13923. What is f(54)?
-9
Let t(k) = -2*k**3 + 49*k**2 - 122*k - 100. What is t(21)?
425
Let h(z) = 18*z**2 - 7642*z - 22932. What is h(-3)?
156
Let a(b) = -2*b**2 + 231*b + 23. What is a(111)?
1022
Let b(r) = r**3 + 10*r**2 + 36*r + 165. Determine b(-7).
60
Let g(z) = -67*z**2 - 824*z - 1553. Give g(-10).
-13
Let j(a) = 10*a**3 + a**2 - 92*a + 173. Give j(2).
73
Let t(c) = c**3 - 15*c**2 + 40*c - 313. Determine t(9).
-439
Let w(f) = f**3 + 9*f**2 - 87*f - 714. Calculate w(-9).
69
Let m(l) = -l**2 + 222*l + 1207. Determine m(223).
984
Let x(h) = 20086*h + 1325681. Calculate x(-66).
5
Let b(h) = 3*h**2 + 423*h - 4444. What is b(-150)?
-394
Let w(j) = 2*j**3 - 128*j**2 + 680*j + 1096. What is w(58)?
168
Let l(o) = -18*o**2 + 893*o + 1794. Calculate l(-2).
-64
Let t(r) = 5091*r + 15745. Calculate t(-3).
472
Let t(q) = 3*q**2 + 680*q - 2718. Give t(4).
50
Let l(w) = -20446*w - 40879. Give l(-2).
13
Let r(t) = -t**3 + 666*t**2 + 2698*t - 12034. Give r(670).
26
Let n(y) = 2*y**3 + 21*y**2 + 40*y + 239. Determine n(-7).
302
Let o(q) = -q**3 - 7*q**2 + 556*q - 107. Give o(19).
1071
Let z(g) = -g**2 + 41224*g - 2593146. Determine z(63).
-3
Let i(o) = 4*o**3 - 555*o**2 - 4786*o - 715. Calculate i(-8).
5
Let p(c) = -25*c**3 - 106*c**2 - 64*c - 46. What is p(-4)?
114
Let o(d) = -d**3 + 15*d**2 - 104*d + 4042. Give o(20).
-38
Let d(k) = 20*k**3 + 103*k**2 + 7*k + 7. Determine d(-5).
47
Let u(d) = -d**3 - 9*d**2 + 310*d + 3202. Give u(-11).
34
Let r(z) = -6651850*z + 13303704. Calculate r(2).
4
Let g(q) = -3*q**3 - 27*q**2 + 37*q + 77. Give g(-10).
7
Let i(b) = b**3 + 249*b**2 - 2856*b + 712. What is i(-260)?
-328
Let r(w) = 2*w**2 - 1034. Determine r(-17).
-456
Let m(x) = -3440*x + 16540. Give m(5).
-660
Let j(t) = 2*t**2 - 6254*t - 330632. Determine j(-52).
-16
Let n(f) = -202*f**2 + 3159*f - 12073. What is n(9)?
-4
Let n(x) = -2*x**2 + 493*x - 5608. Give n(12).
20
Let j(p) = 235*p + 172959. Calculate j(-736).
-1
Let t(l) = -2*l**3 - 412*l**2 - 429*l - 3758. What is t(-205)?
137
Let j(l) = 24*l**2 + 16068*l - 56603. Give j(-673).
-71
Let f(p) = -p**3 - 101*p**2 - 26*p - 4320. Determine f(-101).
-1694
Let s(q) = -75639*q + 1891117. Calculate s(25).
142
Let j(r) = -2*r**3 + 142*r**2 - 1983*r + 140775. Determine j(71).
-18
Let m(n) = -2675*n + 101550. What is m(38)?
-100
Let y(z) = 193*z**3 + 84*z**2 + 110*z + 27. Calculate y(-1).
-192
Let n(x) = 10*x**3 - 366*x**2 + 222*x - 165. Calculate n(36).
51
Let i(a) = a**3 + 36*a**2 + 52*a + 328. Determine i(-36).
-1544
Let n(w) = -w**2 - 3805*w - 7609. Give n(-2).
-3
Let l(q) = 5*q**3 + 304*q**2 + 3919*q - 5731. Determine l(-41).
9
Let u(y) = 2*y**2 + 1067*y - 21491. Determine u(-553).
76
Let d(p) = 2*p**3 - 131*p**2 - 67*p + 42. What is d(66)?
-24
Let n(p) = -p**3 + 258*p**2 + 4967*p + 145. Calculate n(276).
-131
Let n(y) = y**3 + 1065*y**2 - 20572*y + 26027. What is n(-1084)?
11
Let w(s) = -90*s**2 + 4184*s - 2018. Determine w(46).
6
Let u(i) = i**3 - 95*i**2 - 7*i + 652. Calculate u(95).
-13
Let x(q) = 253*q**2 - 1813*q + 7278. Calculate x(4).
4074
Let y(i) = 16871*i - 202167. Determine y(12).
285
Let q(s) = -18262*s + 876590. Determine q(48).
14
Let r(u) = 106*u**3 + 33*u**2 + 1784*u + 1783. What is r(-1)?
-74
Let r(c) = c**2 + 24197*c - 1236654. Determine r(51).
-6
Let a(t) = -14*t**2 - 17251*t + 17256. Determine a(1).
-9
Let i(q) = 108*q**3 + 1518*q + 1517. Determine i(-1).
-109
Let s(x) = 1635936*x + 9815623. Determine s(-6).
7
Let g(o) = 11825*o + 1040602. Calculate g(-88).
2
Let y(x) = 61*x**2 + 31594*x - 2066. Calculate y(-518).
6
Let m(t) = 3*t**3 + 2643*t**2 + 223*t + 196465. Determine m(-881).
2
Let f(j) = -j**2 + 100123*j + 1201588. Calculate f(-12).
-32
Let k(x) = x**3 + 5*x**2 - 3300*x + 139. Calculate k(-60).
139
Let m(b) = -30*b**3 + 6569*b**2 + 219*b - 71. Determine m(219).
-71
Let r(g) = -17420*g - 13465654. Determine r(-773).
6
Let h(f) = -4*f**3 + 226*f**2 - 303*f - 456. Determine h(55).
1029
Let n(u) = -9*u**3 + 7116*u**2 + 2303*u + 55367. Give n(791).
-3
Let q(w) = -5*w**2 - 306*w - 863. Determine q(-47).
2474
Let z(n) = -398113*n + 1990617. Give z(5).
52
Let o(y) = y**2 - 3897*y - 2105754. Determine o(-481).
64
Let o(u) = u**3 + 71*u**2 - 192*u + 2306. Give o(-74).
86
Let h(i) = -i**3 + 17*i**2 - 30*i - 536. Give h(13).
-250
Let w(j) = 26051*j - 625204. Give w(24).
20
Let p(r) = 18265*r - 328816. What is p(18)?
-46
Let d(q) = 35*q**3 - 22*q**2 + 1402*q - 1385. Calculate d(1).
30
Let r(i) = i**2 - 69523*i - 5637935. Determine r(-81).
-11
Let r(w) = 2*w**2 - 102*w - 2782. Calculate r(71).
58
Let v(c) = -73279*c - 439681. What is v(-6)?
-7
Let s(g) = 2*g**3 + 2*g**2 - 255*g + 136. Calculate s(-12).
28
Let t(q) = 2*q**2 + 1476*q - 36575. Calculate t(24).
1
Let o(p) = p**2 + 15391*p - 478058. Determine o(31).
24
Let x(h) = -h**2 + 29*h + 56379. Give x(252).
183
Let p(x) 